{"id":286404,"date":"2022-07-27T11:44:09","date_gmt":"2022-07-27T11:44:09","guid":{"rendered":"https:\/\/www.moda.bigsales.pt\/?page_id=286404"},"modified":"2024-11-15T18:43:25","modified_gmt":"2024-11-15T18:43:25","slug":"sobre-nos","status":"publish","type":"page","link":"https:\/\/www.moda.bigsales.pt\/?page_id=286404","title":{"rendered":"Sobre n\u00f3s"},"content":{"rendered":"\t\t<div data-elementor-type=\"wp-page\" data-elementor-id=\"286404\" class=\"elementor elementor-286404\" data-elementor-post-type=\"page\">\n\t\t\t\t\t\t<section class=\"elementor-section elementor-top-section elementor-element elementor-element-6008361e elementor-section-boxed elementor-section-height-default elementor-section-height-default\" data-id=\"6008361e\" data-element_type=\"section\" data-e-type=\"section\" data-settings=\"{&quot;background_background&quot;:&quot;classic&quot;}\">\n\t\t\t\t\t\t<div class=\"elementor-container elementor-column-gap-default\">\n\t\t\t\t\t<div class=\"elementor-column elementor-col-100 elementor-top-column elementor-element elementor-element-d990cd8\" data-id=\"d990cd8\" data-element_type=\"column\" data-e-type=\"column\">\n\t\t\t<div class=\"elementor-widget-wrap elementor-element-populated\">\n\t\t\t\t\t\t\t<\/div>\n\t\t<\/div>\n\t\t\t\t\t<\/div>\n\t\t<\/section>\n\t\t\t\t<section class=\"elementor-section elementor-top-section elementor-element elementor-element-1f87ecef elementor-section-boxed elementor-section-height-default elementor-section-height-default\" data-id=\"1f87ecef\" data-element_type=\"section\" data-e-type=\"section\">\n\t\t\t\t\t\t<div class=\"elementor-container elementor-column-gap-default\">\n\t\t\t\t\t<div class=\"elementor-column elementor-col-100 elementor-top-column elementor-element elementor-element-7c308dc1\" data-id=\"7c308dc1\" data-element_type=\"column\" data-e-type=\"column\">\n\t\t\t<div class=\"elementor-widget-wrap elementor-element-populated\">\n\t\t\t\t\t\t<div class=\"elementor-element elementor-element-223a14af elementor-widget elementor-widget-text-editor\" data-id=\"223a14af\" data-element_type=\"widget\" data-e-type=\"widget\" data-widget_type=\"text-editor.default\">\n\t\t\t\t<div class=\"elementor-widget-container\">\n\t\t\t\t\t\t\t\t\t<p>Na <strong>Moda Big Sales<\/strong>, acreditamos que o estilo \u00e9 uma forma de express\u00e3o e cada pe\u00e7a deve contar uma hist\u00f3ria. Fundada com o compromisso de oferecer moda acess\u00edvel e de qualidade, somos mais do que uma loja \u2014 somos o teu parceiro para elevar o guarda-roupa e destacar a tua personalidade.<\/p>\t\t\t\t\t\t\t\t<\/div>\n\t\t\t\t<\/div>\n\t\t\t\t\t<\/div>\n\t\t<\/div>\n\t\t\t\t\t<\/div>\n\t\t<\/section>\n\t\t\t\t<section class=\"elementor-section elementor-top-section elementor-element elementor-element-20ad4de6 elementor-section-full_width elementor-section-height-default elementor-section-height-default\" data-id=\"20ad4de6\" data-element_type=\"section\" data-e-type=\"section\" data-settings=\"{&quot;background_background&quot;:&quot;classic&quot;}\">\n\t\t\t\t\t\t<div class=\"elementor-container elementor-column-gap-no\">\n\t\t\t\t\t<div class=\"elementor-column elementor-col-100 elementor-top-column elementor-element elementor-element-3ab417a6\" data-id=\"3ab417a6\" data-element_type=\"column\" data-e-type=\"column\">\n\t\t\t<div class=\"elementor-widget-wrap elementor-element-populated\">\n\t\t\t\t\t\t<div class=\"elementor-element elementor-element-5576b5cc elementor-cta--skin-cover elementor-cta--valign-middle elementor-animated-content elementor-bg-transform elementor-bg-transform-zoom-in elementor-widget elementor-widget-call-to-action\" data-id=\"5576b5cc\" data-element_type=\"widget\" data-e-type=\"widget\" data-widget_type=\"call-to-action.default\">\n\t\t\t\t<div class=\"elementor-widget-container\">\n\t\t\t\t\t\t\t<div class=\"elementor-cta\">\n\t\t\t\t\t<div class=\"elementor-cta__bg-wrapper\">\n\t\t\t\t<div class=\"elementor-cta__bg elementor-bg\" style=\"background-image: url(https:\/\/ams1.vultrobjects.com\/donadecasainspirada\/2024\/11\/AnyConv.com__Slide-3-1.webp);\" role=\"img\" aria-label=\"AnyConv.com__Slide-3-1.webp\"><\/div>\n\t\t\t\t<div class=\"elementor-cta__bg-overlay\"><\/div>\n\t\t\t<\/div>\n\t\t\t\t\t\t\t<div class=\"elementor-cta__content\">\n\t\t\t\t\n\t\t\t\t\t\t\t\t\t<h2 class=\"elementor-cta__title elementor-cta__content-item elementor-content-item elementor-animated-item--grow\">\n\t\t\t\t\t\tVeja as \u00faltimas tend\u00eancias!\t\t\t\t\t<\/h2>\n\t\t\t\t\n\t\t\t\t\n\t\t\t\t\t\t\t\t\t<div class=\"elementor-cta__button-wrapper elementor-cta__content-item elementor-content-item elementor-animated-item--grow\">\n\t\t\t\t\t<a class=\"elementor-cta__button elementor-button elementor-size-\" href=\"\/loja\">\n\t\t\t\t\t\tLoja\t\t\t\t\t<\/a>\n\t\t\t\t\t<\/div>\n\t\t\t\t\t\t\t<\/div>\n\t\t\t\t\t\t<\/div>\n\t\t\t\t\t\t<\/div>\n\t\t\t\t<\/div>\n\t\t\t\t\t<\/div>\n\t\t<\/div>\n\t\t\t\t\t<\/div>\n\t\t<\/section>\n\t\t\t\t<section class=\"elementor-section elementor-top-section elementor-element elementor-element-3745da93 elementor-section-boxed elementor-section-height-default elementor-section-height-default\" data-id=\"3745da93\" data-element_type=\"section\" data-e-type=\"section\">\n\t\t\t\t\t\t<div class=\"elementor-container elementor-column-gap-default\">\n\t\t\t\t\t<div class=\"elementor-column elementor-col-50 elementor-top-column elementor-element elementor-element-3f272a3f\" data-id=\"3f272a3f\" data-element_type=\"column\" data-e-type=\"column\">\n\t\t\t<div class=\"elementor-widget-wrap elementor-element-populated\">\n\t\t\t\t\t\t<div class=\"elementor-element elementor-element-7e546322 elementor-widget elementor-widget-text-editor\" data-id=\"7e546322\" data-element_type=\"widget\" data-e-type=\"widget\" data-widget_type=\"text-editor.default\">\n\t\t\t\t<div class=\"elementor-widget-container\">\n\t\t\t\t\t\t\t\t\t<p>Com colec\u00e7\u00f5es cuidadosamente seleccionadas, oferecemos uma vasta gama de op\u00e7\u00f5es para homens e mulheres que procuram estar sempre na vanguarda das tend\u00eancias, sem abdicar do conforto. A nossa equipa trabalha incansavelmente para trazer novidades que combinem eleg\u00e2ncia, inova\u00e7\u00e3o e pre\u00e7o justo.<\/p>\t\t\t\t\t\t\t\t<\/div>\n\t\t\t\t<\/div>\n\t\t\t\t\t<\/div>\n\t\t<\/div>\n\t\t\t\t<div class=\"elementor-column elementor-col-50 elementor-top-column elementor-element elementor-element-5a13655e\" data-id=\"5a13655e\" data-element_type=\"column\" data-e-type=\"column\">\n\t\t\t<div class=\"elementor-widget-wrap elementor-element-populated\">\n\t\t\t\t\t\t<div class=\"elementor-element elementor-element-513c39ea elementor-widget elementor-widget-text-editor\" data-id=\"513c39ea\" data-element_type=\"widget\" data-e-type=\"widget\" data-widget_type=\"text-editor.default\">\n\t\t\t\t<div class=\"elementor-widget-container\">\n\t\t\t\t\t\t\t\t\t<p>Convidamos-te a explorar o nosso universo de moda e descobrir o quanto uma escolha certa pode transformar o teu dia.\u00a0<\/p><p><strong>Moda Big Sales &#8211; onde estilo e acessibilidade se encontram.<\/strong><\/p>\t\t\t\t\t\t\t\t<\/div>\n\t\t\t\t<\/div>\n\t\t\t\t\t<\/div>\n\t\t<\/div>\n\t\t\t\t\t<\/div>\n\t\t<\/section>\n\t\t\t\t<\/div>\n\t\t","protected":false},"excerpt":{"rendered":"<p>Na Moda Big Sales, acreditamos que o estilo \u00e9 uma forma de express\u00e3o e cada pe\u00e7a deve contar uma hist\u00f3ria. Fundada com o compromisso de oferecer moda acess\u00edvel e de qualidade, somos mais do que uma loja \u2014 somos o teu parceiro para elevar o guarda-roupa e destacar a tua personalidade. Veja as \u00faltimas tend\u00eancias! [&hellip;]<\/p>\n","protected":false},"author":1,"featured_media":0,"parent":0,"menu_order":0,"comment_status":"closed","ping_status":"closed","template":"","meta":{"footnotes":""},"class_list":["post-286404","page","type-page","status-publish","hentry"],"yoast_head":"<!-- This site is optimized with the Yoast SEO plugin v27.5 - https:\/\/yoast.com\/product\/yoast-seo-wordpress\/ -->\n<title>Sobre n\u00f3s - Moda Big Sales<\/title>\n<meta name=\"robots\" content=\"index, follow, max-snippet:-1, max-image-preview:large, max-video-preview:-1\" \/>\n<link rel=\"canonical\" href=\"https:\/\/www.moda.bigsales.pt\/?page_id=286404\" \/>\n<meta property=\"og:locale\" content=\"pt_PT\" \/>\n<meta property=\"og:type\" content=\"article\" \/>\n<meta property=\"og:title\" content=\"Sobre n\u00f3s - Moda Big Sales\" \/>\n<meta property=\"og:description\" content=\"Na Moda Big Sales, acreditamos que o estilo \u00e9 uma forma de express\u00e3o e cada pe\u00e7a deve contar uma hist\u00f3ria. Fundada com o compromisso de oferecer moda acess\u00edvel e de qualidade, somos mais do que uma loja \u2014 somos o teu parceiro para elevar o guarda-roupa e destacar a tua personalidade. Veja as \u00faltimas tend\u00eancias! [&hellip;]\" \/>\n<meta property=\"og:url\" content=\"https:\/\/www.moda.bigsales.pt\/?page_id=286404\" \/>\n<meta property=\"og:site_name\" content=\"Moda Big Sales\" \/>\n<meta property=\"article:modified_time\" content=\"2024-11-15T18:43:25+00:00\" \/>\n<meta name=\"twitter:card\" content=\"summary_large_image\" \/>\n<meta name=\"twitter:label1\" content=\"Tempo estimado de leitura\" \/>\n\t<meta name=\"twitter:data1\" content=\"1 minuto\" \/>\n<script type=\"application\/ld+json\" class=\"yoast-schema-graph\">{\"@context\":\"https:\\\/\\\/schema.org\",\"@graph\":[{\"@type\":\"WebPage\",\"@id\":\"https:\\\/\\\/www.moda.bigsales.pt\\\/?page_id=286404\",\"url\":\"https:\\\/\\\/www.moda.bigsales.pt\\\/?page_id=286404\",\"name\":\"Sobre n\u00f3s - Moda Big Sales\",\"isPartOf\":{\"@id\":\"https:\\\/\\\/www.moda.bigsales.pt\\\/#website\"},\"datePublished\":\"2022-07-27T11:44:09+00:00\",\"dateModified\":\"2024-11-15T18:43:25+00:00\",\"breadcrumb\":{\"@id\":\"https:\\\/\\\/www.moda.bigsales.pt\\\/?page_id=286404#breadcrumb\"},\"inLanguage\":\"pt-PT\",\"potentialAction\":[{\"@type\":\"ReadAction\",\"target\":[\"https:\\\/\\\/www.moda.bigsales.pt\\\/?page_id=286404\"]}]},{\"@type\":\"BreadcrumbList\",\"@id\":\"https:\\\/\\\/www.moda.bigsales.pt\\\/?page_id=286404#breadcrumb\",\"itemListElement\":[{\"@type\":\"ListItem\",\"position\":1,\"name\":\"In\u00edcio\",\"item\":\"https:\\\/\\\/www.moda.bigsales.pt\\\/\"},{\"@type\":\"ListItem\",\"position\":2,\"name\":\"Sobre n\u00f3s\"}]},{\"@type\":\"WebSite\",\"@id\":\"https:\\\/\\\/www.moda.bigsales.pt\\\/#website\",\"url\":\"https:\\\/\\\/www.moda.bigsales.pt\\\/\",\"name\":\"Moda Big Sales\",\"description\":\"A sua loja virtual\",\"publisher\":{\"@id\":\"https:\\\/\\\/www.moda.bigsales.pt\\\/#organization\"},\"potentialAction\":[{\"@type\":\"SearchAction\",\"target\":{\"@type\":\"EntryPoint\",\"urlTemplate\":\"https:\\\/\\\/www.moda.bigsales.pt\\\/?s={search_term_string}\"},\"query-input\":{\"@type\":\"PropertyValueSpecification\",\"valueRequired\":true,\"valueName\":\"search_term_string\"}}],\"inLanguage\":\"pt-PT\"},{\"@type\":\"Organization\",\"@id\":\"https:\\\/\\\/www.moda.bigsales.pt\\\/#organization\",\"name\":\"Moda Big Sales\",\"url\":\"https:\\\/\\\/www.moda.bigsales.pt\\\/\",\"logo\":{\"@type\":\"ImageObject\",\"inLanguage\":\"pt-PT\",\"@id\":\"https:\\\/\\\/www.moda.bigsales.pt\\\/#\\\/schema\\\/logo\\\/image\\\/\",\"url\":\"https:\\\/\\\/ams1.vultrobjects.com\\\/donadecasainspirada\\\/2024\\\/11\\\/LOGOMODA.png\",\"contentUrl\":\"https:\\\/\\\/ams1.vultrobjects.com\\\/donadecasainspirada\\\/2024\\\/11\\\/LOGOMODA.png\",\"width\":243,\"height\":112,\"caption\":\"Moda Big Sales\"},\"image\":{\"@id\":\"https:\\\/\\\/www.moda.bigsales.pt\\\/#\\\/schema\\\/logo\\\/image\\\/\"}}]}<\/script>\n<!-- \/ Yoast SEO plugin. -->","yoast_head_json":{"title":"Sobre n\u00f3s - Moda Big Sales","robots":{"index":"index","follow":"follow","max-snippet":"max-snippet:-1","max-image-preview":"max-image-preview:large","max-video-preview":"max-video-preview:-1"},"canonical":"https:\/\/www.moda.bigsales.pt\/?page_id=286404","og_locale":"pt_PT","og_type":"article","og_title":"Sobre n\u00f3s - Moda Big Sales","og_description":"Na Moda Big Sales, acreditamos que o estilo \u00e9 uma forma de express\u00e3o e cada pe\u00e7a deve contar uma hist\u00f3ria. Fundada com o compromisso de oferecer moda acess\u00edvel e de qualidade, somos mais do que uma loja \u2014 somos o teu parceiro para elevar o guarda-roupa e destacar a tua personalidade. Veja as \u00faltimas tend\u00eancias! [&hellip;]","og_url":"https:\/\/www.moda.bigsales.pt\/?page_id=286404","og_site_name":"Moda Big Sales","article_modified_time":"2024-11-15T18:43:25+00:00","twitter_card":"summary_large_image","twitter_misc":{"Tempo estimado de leitura":"1 minuto"},"schema":{"@context":"https:\/\/schema.org","@graph":[{"@type":"WebPage","@id":"https:\/\/www.moda.bigsales.pt\/?page_id=286404","url":"https:\/\/www.moda.bigsales.pt\/?page_id=286404","name":"Sobre n\u00f3s - Moda Big Sales","isPartOf":{"@id":"https:\/\/www.moda.bigsales.pt\/#website"},"datePublished":"2022-07-27T11:44:09+00:00","dateModified":"2024-11-15T18:43:25+00:00","breadcrumb":{"@id":"https:\/\/www.moda.bigsales.pt\/?page_id=286404#breadcrumb"},"inLanguage":"pt-PT","potentialAction":[{"@type":"ReadAction","target":["https:\/\/www.moda.bigsales.pt\/?page_id=286404"]}]},{"@type":"BreadcrumbList","@id":"https:\/\/www.moda.bigsales.pt\/?page_id=286404#breadcrumb","itemListElement":[{"@type":"ListItem","position":1,"name":"In\u00edcio","item":"https:\/\/www.moda.bigsales.pt\/"},{"@type":"ListItem","position":2,"name":"Sobre n\u00f3s"}]},{"@type":"WebSite","@id":"https:\/\/www.moda.bigsales.pt\/#website","url":"https:\/\/www.moda.bigsales.pt\/","name":"Moda Big Sales","description":"A sua loja virtual","publisher":{"@id":"https:\/\/www.moda.bigsales.pt\/#organization"},"potentialAction":[{"@type":"SearchAction","target":{"@type":"EntryPoint","urlTemplate":"https:\/\/www.moda.bigsales.pt\/?s={search_term_string}"},"query-input":{"@type":"PropertyValueSpecification","valueRequired":true,"valueName":"search_term_string"}}],"inLanguage":"pt-PT"},{"@type":"Organization","@id":"https:\/\/www.moda.bigsales.pt\/#organization","name":"Moda Big Sales","url":"https:\/\/www.moda.bigsales.pt\/","logo":{"@type":"ImageObject","inLanguage":"pt-PT","@id":"https:\/\/www.moda.bigsales.pt\/#\/schema\/logo\/image\/","url":"https:\/\/ams1.vultrobjects.com\/donadecasainspirada\/2024\/11\/LOGOMODA.png","contentUrl":"https:\/\/ams1.vultrobjects.com\/donadecasainspirada\/2024\/11\/LOGOMODA.png","width":243,"height":112,"caption":"Moda Big Sales"},"image":{"@id":"https:\/\/www.moda.bigsales.pt\/#\/schema\/logo\/image\/"}}]}},"_links":{"self":[{"href":"https:\/\/www.moda.bigsales.pt\/index.php?rest_route=\/wp\/v2\/pages\/286404","targetHints":{"allow":["GET"]}}],"collection":[{"href":"https:\/\/www.moda.bigsales.pt\/index.php?rest_route=\/wp\/v2\/pages"}],"about":[{"href":"https:\/\/www.moda.bigsales.pt\/index.php?rest_route=\/wp\/v2\/types\/page"}],"author":[{"embeddable":true,"href":"https:\/\/www.moda.bigsales.pt\/index.php?rest_route=\/wp\/v2\/users\/1"}],"replies":[{"embeddable":true,"href":"https:\/\/www.moda.bigsales.pt\/index.php?rest_route=%2Fwp%2Fv2%2Fcomments&post=286404"}],"version-history":[{"count":8,"href":"https:\/\/www.moda.bigsales.pt\/index.php?rest_route=\/wp\/v2\/pages\/286404\/revisions"}],"predecessor-version":[{"id":304464,"href":"https:\/\/www.moda.bigsales.pt\/index.php?rest_route=\/wp\/v2\/pages\/286404\/revisions\/304464"}],"wp:attachment":[{"href":"https:\/\/www.moda.bigsales.pt\/index.php?rest_route=%2Fwp%2Fv2%2Fmedia&parent=286404"}],"curies":[{"name":"wp","href":"https:\/\/api.w.org\/{rel}","templated":true}]}}